e d(-4). Let y = p + a. What is the units digit of y?
4
Let m(a) = a. Let j be m(3). Let z = 3 - j. Suppose -4*g = 0, -i + z*g = g - 27. What is the units digit of i?
7
Suppose 34*q - 39*q + 4*a + 4326 = 0, -4*q + 4*a = -3460. What is the tens digit of q?
6
Let w(c) = 75*c**2 + 5*c + 16. What is the units digit of w(-3)?
6
What is the units digit of 4/50 - 807366/(-1050)?
9
What is the units digit of 2/3 - (-5833)/57?
3
Let h be (60/16)/(-1*(-3)/(-8)). Let c = h + 44. What is the units digit of c?
4
Suppose -13*w + 10*w = -8430. What is the hundreds digit of w?
8
Suppose z = -3*z - q + 155, 0 = -2*z + 3*q + 67. Let v = -26 + z. What is the tens digit of v?
1
Let p = 854 + -499. What is the hundreds digit of p?
3
Let h be (-3)/1 - -4 - (-1)/1. What is the tens digit of (0 + 16)/(h/6)?
4
Let x = 4 + -25. Let j = -20 - x. What is the units digit of j?
1
Suppose 10*i + 20 = 15*i. Suppose -5*o + 198 = 5*s + 18, 168 = i*s - 2*o. Suppose -5*q = -6*q + s. What is the units digit of q?
0
What is the hundreds digit of 390 + (-1 - (0 + 3))?
3
Suppose 4*k - k = -n + 263, k = -5*n + 1245. Let r = n + -120. What is the tens digit of r?
2
Let d be 4/1 + -1 + -2. Let s be (d + (-2 - 0))*-2. Suppose 0 = 4*g + o - 138, 59 + 73 = 4*g - s*o. What is the units digit of g?
4
Suppose -3*j + k + 3*k + 4087 = 0, -2*k = -3*j + 4097. What is the units digit of j?
9
Let a = 29 - 23. What is the units digit of (a + -8)*(-3)/2?
3
Let y(b) = -35*b - 32*b - 17 + 92*b - 36*b. What is the tens digit of y(-5)?
3
Suppose 8392 = 2*v + 4*k, 2*v - 4647 - 3746 = -5*k. What is the units digit of v?
4
Let l = -4 - -4. Let c(t) = 3*t + 8. Let y(h) = -5*h - 17. Let z(d) = -7*c(d) - 4*y(d). What is the tens digit of z(l)?
1
Let n(u) = u**2 + 13*u + 20. Let h be n(-14). Let y = 21 + -7. Let v = h - y. What is the tens digit of v?
2
Let k(z) = 40*z + 1011. What is the units digit of k(81)?
1
Suppose 3*x - 7*x - 5*c = -1240, 5*c + 20 = 0. Suppose 0 = 4*l, -4*l = 3*d - l - x. Suppose -3*p + d = -60. What is the units digit of p?
5
Let o(g) = -5 - 9 - 136*g + 16. Let a be o(-1). Suppose 3*q = -2*r + r + 84, 0 = 5*q + r - a. What is the tens digit of q?
2
Let z(v) = v**3 + 12*v**2 + 11*v + 22. Suppose -2*i + 4*i + 22 = 0. What is the units digit of z(i)?
2
Suppose 8*d + 6123 - 1179 = 0. Let v = -297 - d. What is the hundreds digit of v?
3
Let b = 13 - 10. Suppose b*u - 21 = 2*g + 71, 3*g - 185 = -5*u. Let l = 2 + u. What is the units digit of l?
6
Let g be -2*(-2)/(-4)*-61. Suppose -d = -3*m - 36, -d + m - 17 = -g. Suppose -4*p = 4*f - d, 5*f + 63 = p + 21. What is the tens digit of p?
1
Suppose -5*m = -10*m + 4*w + 38, 8 = -4*w. Let y be ((-16)/(-24))/(2/m). What is the units digit of 3 - (y/2 + -17)?
9
Suppose 5*f - 66 = 8*f. What is the tens digit of (f - 2)/(-2 + 0)?
1
Let n(h) = h**2 + 6*h + 5. Let i be n(-5). Let a be (1*(i + 3))/1. Suppose -5*c + 3*j = -a*c - 63, 25 = -5*j. What is the tens digit of c?
2
What is the units digit of 1198/4*(-8 + 10)?
9
Suppose -5*v + 4*o + 7 = o, -o = 5*v - 11. Suppose 3*x + v*x = 15, -4*f - 4*x = -12. Suppose f = h - 27 + 10. What is the units digit of h?
7
Let l be -2*(-3)/18*66. Let k = 25 - l. Suppose k = c - 2*c + 4*a, 0 = -2*c + 4*a - 2. What is the units digit of c?
1
Suppose 183*h = 125*h + 164082. What is the hundreds digit of h?
8
Let r = 201 - -219. What is the hundreds digit of r?
4
Suppose -8*d + 12*d + 24 = 0. Let f = d + 21. What is the units digit of f?
5
Let x be 8*(-2 - (-1 + 4)). What is the units digit of ((-30)/x)/(3/20)?
5
What is the hundreds digit of (-6 - 40/(-8)) + 178?
1
Suppose 2*o = -2*f - 232, f + 10*o = 5*o - 128. Let j = f + 13. Let d = j - -149. What is the tens digit of d?
4
Let y = 1 - 0. Let v = 50 + -25. What is the tens digit of 0 + (y - 3) + v?
2
Let c(n) be the third derivative of n**6/120 + n**5/10 - n**4/12 - n**3/3 - 7*n**2. Let a be c(-5). What is the units digit of 194/8 - a/(-44)?
5
Let n(q) = 19*q + 446. What is the tens digit of n(25)?
2
Suppose 2*y + 49 = 515. Suppose -4*j + y + 747 = 0. What is the hundreds digit of j?
2
Let f be 10/2*2/2. Let b(t) = t - 3. Let s be b(f). Let n = 29 - s. What is the units digit of n?
7
What is the hundreds digit of (-7 - (-81)/6)/(1/60)?
3
Let b(z) be the second derivative of 9*z**5/20 - z**4/4 + z**3/3 + z**2/2 + 15*z. Let g = -14 - -16. What is the units digit of b(g)?
5
Suppose -5*x - 1 = 3*c - 16, 35 = 2*c - 5*x. Suppose 4*n - 9 = -k + c, -3*n + 19 = -4*k. What is the units digit of n?
5
Suppose 230 = 2*m - 2*i, -150 = -m - 3*i - 15. What is the units digit of m?
0
Let o(b) = b**3 - 25*b**2 + 22*b - 70. What is the tens digit of o(25)?
8
Let f = 430 + -280. What is the hundreds digit of f?
1
Suppose 0*c - 5*c = -2*d - 19070, -3*d = 2*c - 7628. What is the units digit of c?
4
Let k = 1887 + -1088. What is the hundreds digit of k?
7
Suppose 0 = -4*z - 3*k + 11, k - 18 = 3*z - 2*k. Let v be z*-1*(4 + -2). Suppose v*s - 9 = -b - s, 4*s + 116 = 4*b. What is the units digit of b?
4
Let p(o) = 2*o + 22. Let r be p(-11). Suppose -5*b + 39 + 1 = r. Let m(v) = v**2 - 5*v - 7. What is the units digit of m(b)?
7
Suppose 5*q + 3*i - 1144 = 0, q + 5*i + 0*i = 220. What is the tens digit of q?
3
Suppose 5 + 1 = -d. Let m be 2/d + (-14)/(-6). Suppose -m*y + 44 - 2 = 0. What is the units digit of y?
1
Suppose -3*g + 760 = -7*x + 3*x, 0 = 5*g + 4*x - 1320. What is the tens digit of g?
6
Suppose -2*h + 9 = -7. Let g be (-42)/(-5)*20/h. Suppose -2*s + 42 = -x - g, s - 3*x - 34 = 0. What is the tens digit of s?
3
Let o(x) = -4*x. Let h be o(-1). Let w(n) = -2*n - 7. Let c be w(-8). Suppose -m = -3*t - c, 6*m - h*m - 68 = -4*t. What is the units digit of m?
4
Let n(s) = s**3 - 6*s**2 + 4*s + 5. Suppose 5*w = 4*d + 45, 0 = 3*d - 7 + 22. Let r be n(w). What is the tens digit of 15 + 10 - (0 - r)?
2
Suppose 16 = -g + 19. Suppose -43 = -g*q - u + 119, 4*q - u = 216. What is the units digit of q?
4
Let o be (-24)/(-10) + (-14)/35. Suppose -95 = -3*q - o*q - 5*r, q = r + 23. What is the units digit of q?
1
Suppose -5*q + 1082 = 3*d - 2254, 0 = -q + d + 664. What is the hundreds digit of q?
6
Let r(d) = -7*d**3 + 4*d - 5. What is the hundreds digit of r(-4)?
4
Let m(l) = l**2 - 2*l - 2. Let q be m(4). Let o be (q/(-1) + 1)*-1. Suppose -3 = -o*j + 17. What is the units digit of j?
4
Let t(q) = 3*q**2 + 1. Let a be t(2). Suppose 8*o = 4*p + 3*o + a, 4*o - 11 = 3*p. Suppose 0*m - 12 = -p*m. What is the units digit of m?
4
Suppose 0 = -3*k + u + 41, 2*k = -u + 28 + 6. Suppose -10 = -2*a, -l + k = a - 14. Let m = l - -29. What is the tens digit of m?
5
What is the units digit of 3 + 1 + 1519 + -2?
1
Let h(t) = t**2 + 7*t + 3. Let u be h(-5). Let z be ((-16)/(-12))/(2/3). What is the units digit of (5 - z) + -2 - u?
8
Let a(r) = r**2 - 32*r - 176. What is the hundreds digit of a(-23)?
0
Let k(g) = 4*g**2 - 23*g + 208. What is the tens digit of k(34)?
5
Let l = -39 + 50. Suppose -l = -m + 4. What is the units digit of m - (-2)/((-2)/(-3))?
8
What is the units digit of (-13 + 157/3)/(2/6)?
8
Suppose 4*o - 5*j - 38 = -0*j, -5*o = 3*j - 66. What is the tens digit of (8/o - 1)*-33?
1
Let m(s) = -7*s + 8. Let r be m(2). Let n(t) = t**3 + 9*t**2 + t - 3. What is the tens digit of n(r)?
9
Let x(u) = -48*u**3 - 3*u**2 + u - 18. What is the hundreds digit of x(-4)?
0
Suppose -3*v + 6 = 3*d - 0, 0 = -5*v + 5*d - 10. Suppose -140 = -v*y - 4*y. What is the tens digit of y?
3
Let z(j) = -4*j + 1. Let v(d) = -3*d + 1. Let t(n) = -2*v(n) + 3*z(n). Let o be t(-4). Suppose -8 = -3*s + o. What is the tens digit of s?
1
Let i = -1231 - -1764. What is the tens digit of i?
3
Let i be (-1 + (-1)/(-2))*-2772. Suppose 5*x + 50 = -195. What is the tens digit of (-4)/14 - i/x?
2
Let w(x) be the first derivative of -x**4/4 + 8*x**3 - 33*x**2/2 - x + 18. What is the units digit of w(22)?
1
Let h(d) be the second derivative of -d**5/20 + 11*d**4/12 + d**3/6 + 7*d**2/2 - 2*d. Let z be h(11). Suppose -3*x = -0*x - z. What is the units digit of x?
6
Suppose -q - 57 = 3*b + 416, -620 = 4*b + 4*q. Let o = b - -230. Let j = 137 - o. What is the tens digit of j?
6
Let t be -2*(-33 - -1*2/(-4)). Suppose -50 = -2*p + 4*j, -4*j - t = -3*p + 18. What is the units digit of p?
5
Let t be 352/36 + (-4)/(-18). Let g be (t/15)/(6/(-9)). What i